*5/20 - z**4/8 - z**3/3 - z**2. What is h(c)?
2
Let m(j) = -2*j**2 - 5*j - 2. Suppose -v + 1 = -2*y, -v + 3*v = 3*y. What is m(v)?
-5
Suppose 5*t + 3 = -2. Let n be 5*(t/(-1))/1. Suppose -3*x - 17 = -4*h - 0, 0 = n*x - h. Let k(d) = 7*d**2 - 2*d + 1. Calculate k(x).
6
Let q(h) = -5*h + 1. Suppose -34*s + 23*s - 44 = 0. Determine q(s).
21
Let j(g) = 1 - g + 0*g**2 + 2*g + g**2 - 6*g. What is j(5)?
1
Let k(n) be the second derivative of 1/6*n**3 + 1/60*n**5 + 0*n**2 + 0 - 2*n + 5/24*n**4. Let f(m) be the second derivative of k(m). What is f(-4)?
-3
Let t = 15 - 19. Let g(u) = 2*u + 5. What is g(t)?
-3
Let f = 25 + -31. Let d(i) = -i + 5. What is d(f)?
11
Let g(t) = 2*t. Let k(x) = x. Let b(o) = 2*o. Let u be b(1). Let l(f) = u*g(f) - 3*k(f). What is l(0)?
0
Let w(k) = -k**3 + 2*k**2 - 2*k + 2. Let s(o) = o**2 - 8*o - 9. Let l be s(9). Let p = 1 - -13. Suppose 0*m = -2*m + z + 2, -5*m - 2*z + p = l. What is w(m)?
-2
Suppose -4*v = 2 + 10. Let t(q) = q**2 + 3*q - 2. Calculate t(v).
-2
Let m(y) = y**3 - 2*y**2 - y - 2. Let v be m(3). Let u(x) = 4*x + x + 3 - v - 4*x. Give u(2).
1
Suppose -17 = 4*s + u, 4*s - 5*u + 20 = 3*s. Let l = s - -5. Let r(w) = -1 + 2*w + 2*w**2 + l*w + 5*w**2 + w**2. Give r(1).
9
Let m(y) = -2*y + 1. Suppose -3*u + 5*z = 2*u + 25, 3*u + 4*z = -8. Calculate m(u).
9
Suppose u = -5*d + 2*u, 4*d + 5*u = 0. Let i = d - -3. Let w(t) = 3 - i - 6*t. Calculate w(1).
-6
Let q(i) = 148*i**2 + 142*i**2 - 289*i**2 - 6*i. Give q(5).
-5
Let y(g) be the third derivative of g**4/24 + g**3/3 - 6*g**2. Give y(5).
7
Let g(b) = -b**2 + 7*b - 5. Let f be g(5). Let w = f + -3. Let v(x) = 3*x**3 + x - 3*x**3 - x**3 + x**w - 10. Calculate v(0).
-10
Let j(s) be the first derivative of -s**4/4 + s**3/3 - s**2/2 + 4*s + 4. Suppose -d = -4*d. What is j(d)?
4
Suppose -6*j + 3 = -15. Let y(c) = -8*c + 4. Give y(j).
-20
Let r(s) be the first derivative of -s**4/4 - 3*s**3 + 5*s**2 + 5*s - 30. Give r(-10).
5
Let p(j) be the third derivative of -1/24*j**4 + 0*j - 2*j**2 + 0 - 4/3*j**3. What is p(0)?
-8
Let v(c) = 242*c**2 - 239*c**2 + 1 - 2. Suppose 1 + 0 = -p. Calculate v(p).
2
Let y(c) be the first derivative of -c**4/4 + c**3 + 3*c**2/2 - 3*c + 7. Calculate y(3).
6
Let x(t) be the first derivative of 5*t**2/2 + 6*t - 1. Let i(d) = -1. Let s(n) = 5*i(n) + x(n). Calculate s(1).
6
Suppose 4*l - 27 = -3. Let t(w) = -3*w + 3. Determine t(l).
-15
Let c(b) = 7*b + 0*b**2 - 111*b**3 - 5*b**2 + 8 + 110*b**3. Determine c(-6).
2
Let d(n) = -3 - 4*n + n**2 - 3 + 2 - 2. Give d(6).
6
Suppose x - 2*k + 22 = -7*k, 0 = 5*x - 2*k - 25. Let v(w) = w**2 - 8*w + 2. Calculate v(x).
-13
Let k be (12/(-4))/(-4 - -1). Let g(q) = q**3 - 1. Give g(k).
0
Let n be 1*8 - (-2 - -4). Let b(x) = 2*x**2 - 10*x + 8. Determine b(n).
20
Suppose 0 = -5*m + i + 9, 4*m - 8*m + 2*i + 12 = 0. Let n(l) = -4 - 2*l + 6*l + m - l**2. What is n(5)?
-8
Let h = 32 + -27. Let b(j) be the third derivative of -1/4*j**4 + j**3 + 0*j + 0 + 1/60*j**h + j**2. Determine b(5).
1
Let s(i) = 2*i**2 + 3*i + 4. Let x(d) = -4*d**2 - 6*d - 9. Let q(v) = 7*s(v) + 3*x(v). Calculate q(-2).
3
Let n(o) be the third derivative of 1/40*o**5 + 0*o - 1/24*o**4 - 4*o**2 + 0 + 1/2*o**3. Let p(r) be the first derivative of n(r). What is p(-2)?
-7
Let x(t) = -2*t**2 - 2*t. Let f(i) = i. Let g be f(1). Let b(a) = -2*a - 2*a + g - a**2 + 3*a. Let y(m) = 3*b(m) - 2*x(m). Determine y(0).
3
Let q(y) = -4 - 12*y + 4 + 13 + 11*y. What is q(9)?
4
Let l(w) be the second derivative of w**3/6 + 2*w**2 + 40*w. Calculate l(-4).
0
Let l(m) be the third derivative of -m**6/720 + 13*m**5/120 - 5*m**4/24 + 4*m**2. Let t(p) be the second derivative of l(p). Give t(6).
7
Suppose -5*r + 10 = 5*d, -10 = -3*d + 5*d - 5*r. Let u(k) = -k**2 + 3. Determine u(d).
3
Let c(d) = d + 3. Let k(y) = -15*y**3 - 2*y**2 - 3*y - 2. Let p be k(-1). Suppose 0 = 18*w - p*w + 28. What is c(w)?
-4
Let i(a) = -a**3 - 8*a**2 - a + 4. Let j(m) = 2*m**3 + 17*m**2 + 2*m - 8. Let z(f) = -7*i(f) - 3*j(f). Let c = -12 - -7. Determine z(c).
-9
Let a(v) = 2*v**2 - 7*v**2 + 2*v + 4 + 1. Let h(d) be the second derivative of -d**4/2 + d**3/2 + 3*d**2 + 5*d. Let y(o) = 5*a(o) - 4*h(o). What is y(1)?
-2
Let x(t) = -t**2 - 5*t - 4. Suppose 0 = -10*n + 13 - 43. What is x(n)?
2
Let j = -8 - -23. Suppose 5*k - 5 - j = 0. Let p(y) = y - 3. Let s be p(k). Let c(r) = 6*r**3 + r**2 - r. Give c(s).
6
Let k(d) = -3*d + 3. Let i(s) = -s + 10. Let a be i(5). Determine k(a).
-12
Let i = 10 + -13. Let o be -3 - 2/(-6)*i. Let g(l) be the second derivative of l**4/12 + l**3/3 - l**2 + l. Give g(o).
6
Let l(u) = -u - 1. Suppose -t - t + 8 = 0. Let i be l(t). Let x(h) = -h**3 - h + 0*h - 3 + 5*h**2 + 2*h**3. What is x(i)?
2
Let n(u) = u**2 - 6*u + 6. Let p be n(5). Let h(d) = d**2 - p - 2*d + 1 + 1 + 3*d. Give h(0).
1
Let u(w) = -3*w**3 + w**2 - 1. Suppose 3*n + n - 22 = 2*v, -3*n = 5*v - 10. Calculate u(v).
3
Let y = -7 + 16. Let r(u) = -2*u**3 - 10*u + y*u + 5*u**3 + 1. Calculate r(1).
3
Let a(g) be the second derivative of g**4/12 + g**3/2 + 3*g**2/2 + 13*g. Give a(-5).
13
Let r(s) = -s**3 + 4*s**2 + 5*s + 5. Let g = -1 - -6. Let w be r(g). Let u(d) = 3 + 1 - 2 + d - w. Calculate u(2).
-1
Let s(b) = 4*b. Let r(o) = 9*o - 1. Let p(d) = 47*d. Let l be p(-1). Let w be l/7 + (-6)/21. Let n(v) = w*s(v) + 3*r(v). Calculate n(-4).
1
Let c(m) be the second derivative of 2*m**3/3 - 2*m**2 - 6*m. What is c(3)?
8
Let x be 40/(-10) + -1*1. Let j(g) be the third derivative of -1/12*g**4 + 0*g - 7/6*g**3 - g**2 + 0. Determine j(x).
3
Let j(l) = -4*l - 3 - l**2 + 2 - 5. Let h be 0 + (-1)/(-1 - 0). Let i be (-1 - 1) + (-2)/h. Calculate j(i).
-6
Let g(a) = -1 + 1 - 11*a + 7 + 14*a. Suppose 0 = w + 2, 4*w + 1 = 2*z + 3. Calculate g(z).
-8
Let d(z) = -z**3 + 7*z**2 + 3*z - 1. Let g(c) = 3*c**3 - 15*c**2 - 6*c + 1. Let f(j) = -5*d(j) - 2*g(j). Give f(-4).
-1
Let q(r) = r**3 - 5*r**2 - r. Suppose 0 = -4*t + 4, 3*b - 19 = -4*t - 0*t. Give q(b).
-5
Let u = -6 + 3. Let j(b) be the third derivative of 1/30*b**5 + 0*b + 1/3*b**3 + 4*b**2 + 0 + 5/24*b**4. Calculate j(u).
5
Suppose 2*j - j - 7 = 0. Let n = -10 + j. Let d(a) be the first derivative of 3*a**2/2 + 2*a - 1. Give d(n).
-7
Let x(u) = -2*u. Suppose -3*r - 4*n - 42 = 0, -37 = 4*r - 3*n + 19. Suppose -5*o + 5*w = 75, -o - 25 = -0*o - 3*w. Let a = r - o. Give x(a).
8
Let c(v) = -13 - v - 11 + 22. Calculate c(-7).
5
Let p(f) be the first derivative of -f**4/4 - 10*f**3/3 + 5*f**2 - 16*f + 16. What is p(-11)?
-5
Let k(s) = -s**2 - 2*s + 2. Suppose -5*v + 7*m = 3*m - 23, 0 = -5*v - 2*m + 11. Suppose 6 = -v*o + 21. Let x = o + -8. Calculate k(x).
-1
Suppose -14 = 3*u + 1. Suppose 6*t = 5*t. Let o = t - u. Let c(q) = 2*q - 6. Determine c(o).
4
Let w(z) be the second derivative of z**3/6 + z**2 + 2*z. Suppose 2*j + 24 = 6*j. What is w(j)?
8
Suppose -15 = 2*z + z. Let d(i) = -i**3 - 6*i**2 - 7*i - 5. Let r be d(z). Let c(g) = -g**2 + 3*g + 5. Give c(r).
-5
Let f(c) be the second derivative of 3*c**3/2 + c**2/2 + 13*c. What is f(-1)?
-8
Let x(q) = -q. Suppose 0*u + 24 = 4*u. Suppose u*p - 30 = p. What is x(p)?
-6
Let k(n) = n + 10. Let o be k(-7). Suppose -8*w + o*w = -5. Let b(r) = 2*r - 1 + 2 - 2. Give b(w).
1
Let y(a) = 5*a**2 + 10*a - 5. Let i(j) = 6*j**2 + 11*j - 5. Let w(k) = -4*i(k) + 5*y(k). Suppose 0 = 3*l + 11*l + 70. What is w(l)?
-10
Let n(l) = 4*l**2 + 28*l + 11. Let x(m) = -3*m**2 - 19*m - 7. Let v(u) = -5*n(u) - 7*x(u). What is v(8)?
2
Let l(v) = 52*v**2 + 1 - 26*v**2 - 25*v**2. Suppose u + 0*u = 15. Suppose z + 2*f - 1 = 0, 3*f - u = 3*z - 0. What is l(z)?
10
Let z(p) = -p**2 - 6. Let f be z(0). Let j(a) = -a**3 - 5*a**2 + 8*a + 8. Give j(f).
-4
Let k(m) = 4*m**2 + 6*m + 2. Let v(z) = -5*z**2 - 7*z - 2. Let a = 19 - 11. Suppose 2*x + a = 0, -2*x = w - x. Let h(n) = w*k(n) + 3*v(n). Determine h(-4).
6
Let h(m) be the first derivative of -m**3/3 - m**2 - 6*m + 5. Let x(d) be the first derivative of h(d). What is x(-2)?
2
Let g(o) be the second derivative of -o**4/12 + 4*o**3/3 + 3*o**2/2 - 15*o. Determine g(7).
10
Let p(z) be the third derivative of z**4/12 + 2*z**3/3 + 6*z**2. What is p(-5)?
-6
Let b(i) be the first derivative of 1/60*i**5 + 0*i + 5/24*i**4 + i**2 + 1 + 1/2*i**3. Let t(h) be the second derivative of b(h). Give t(-5).
3
Let k(t) = -t**3 + 10*t